nd 666684.
108
What is the highest common factor of 378116576 and 30678?
10226
What is the greatest common factor of 5411408 and 24?
8
Calculate the highest common divisor of 151040 and 159890.
590
Calculate the greatest common factor of 266463804 and 24.
12
Calculate the highest common divisor of 430 and 6538010.
10
What is the highest common divisor of 43420 and 27820?
260
What is the greatest common factor of 1001 and 149383?
13
What is the greatest common divisor of 176260385 and 15615?
1735
Calculate the highest common factor of 58096905 and 411.
411
Calculate the highest common divisor of 104 and 10166576.
8
What is the highest common factor of 5813912 and 13?
13
Calculate the greatest common divisor of 73669956 and 9.
3
Calculate the greatest common factor of 955 and 818053.
191
Calculate the greatest common divisor of 11799 and 3615738.
1311
What is the highest common factor of 4044199 and 287?
41
What is the highest common divisor of 10629537 and 164?
41
What is the highest common divisor of 272 and 2584493?
17
What is the greatest common divisor of 75603 and 41441?
29
What is the greatest common divisor of 424 and 96076174?
106
Calculate the highest common factor of 2460 and 4122345.
615
What is the greatest common factor of 29 and 183942331?
29
What is the highest common factor of 146110 and 148998?
38
Calculate the highest common factor of 11322 and 61955208.
306
What is the greatest common factor of 5398605 and 4284?
153
What is the greatest common factor of 864 and 82401568?
32
What is the highest common factor of 176 and 1945864?
8
What is the greatest common factor of 3860 and 631098420?
3860
What is the greatest common factor of 23495050 and 1460?
730
Calculate the greatest common divisor of 2666 and 70620852.
62
Calculate the greatest common divisor of 2921 and 471063.
23
What is the highest common divisor of 8662 and 34466240?
142
Calculate the highest common factor of 1160 and 654030040.
1160
Calculate the highest common divisor of 1236 and 62633888.
412
What is the highest common factor of 4385833 and 109?
109
Calculate the highest common divisor of 17827 and 32.
1
Calculate the greatest common divisor of 98567724 and 3084.
3084
Calculate the greatest common divisor of 58272 and 95072.
32
Calculate the highest common divisor of 1602 and 3282.
6
What is the highest common divisor of 708174207 and 3?
3
What is the highest common factor of 3124 and 906158?
22
What is the highest common divisor of 36376639 and 299?
299
Calculate the greatest common factor of 3124 and 3507968.
284
Calculate the highest common divisor of 388260 and 43.
1
Calculate the highest common divisor of 184061498 and 229.
229
What is the greatest common factor of 41684 and 339602?
1226
What is the highest common divisor of 21656562 and 36813?
5259
Calculate the greatest common factor of 283509 and 954.
9
What is the highest common factor of 55708 and 6859?
19
Calculate the highest common divisor of 2134344 and 37742.
226
Calculate the greatest common divisor of 20238208 and 3712.
128
Calculate the greatest common divisor of 16900 and 571402.
26
What is the greatest common factor of 1544 and 138724154?
386
Calculate the greatest common divisor of 601035 and 13787.
17
What is the highest common divisor of 73281 and 7566?
39
Calculate the highest common divisor of 965 and 223442855.
965
What is the greatest common divisor of 1915 and 106970?
5
Calculate the greatest common factor of 848 and 6462767.
53
What is the greatest common factor of 177009091 and 4249?
4249
Calculate the greatest common divisor of 287 and 17339.
7
What is the greatest common factor of 26363872 and 80?
16
Calculate the highest common divisor of 482152 and 1276.
44
What is the highest common divisor of 128 and 2073360?
16
What is the highest common divisor of 75660 and 4589?
13
Calculate the greatest common divisor of 395003 and 3646241.
773
What is the greatest common factor of 4364436 and 18883?
821
Calculate the greatest common factor of 13515183 and 66.
33
What is the highest common factor of 322803 and 22785?
93
What is the greatest common factor of 25674 and 727698?
6
Calculate the greatest common divisor of 270709002 and 1299.
1299
Calculate the greatest common divisor of 201 and 3746037.
201
What is the greatest common factor of 203 and 193000742?
29
What is the highest common factor of 3247 and 10283249?
3247
Calculate the highest common divisor of 334368 and 3159.
243
Calculate the greatest common factor of 606816 and 374976.
2016
Calculate the highest common divisor of 40587 and 2511165.
249
Calculate the greatest common divisor of 7403870 and 130.
10
Calculate the highest common divisor of 9600 and 1633152.
384
What is the highest common factor of 453050294 and 149?
149
What is the highest common divisor of 18624774 and 14?
14
Calculate the greatest common divisor of 266220 and 131631.
1479
Calculate the highest common factor of 511668 and 70803108.
8388
Calculate the highest common divisor of 240029 and 11562.
47
What is the greatest common divisor of 663001791 and 1091?
1091
What is the greatest common factor of 38954480 and 16?
16
Calculate the highest common factor of 3760680 and 530.
10
Calculate the highest common divisor of 6803094 and 102.
102
What is the greatest common factor of 50576 and 20992528?
1744
Calculate the greatest common factor of 715 and 4048187.
143
Calculate the greatest common divisor of 2368 and 512325680.
592
What is the highest common divisor of 62917 and 478?
1
What is the greatest common factor of 5968 and 102971126?
746
What is the greatest common factor of 157389 and 5727?
69
What is the greatest common factor of 358 and 89834?
2
What is the greatest common divisor of 52770 and 116110?
10
What is the highest common factor of 626451 and 3818?
23
Calculate the highest common divisor of 187082 and 2254.
2254
Calculate the greatest common divisor of 323888356 and 6724.
6724
What is the highest common divisor of 154917 and 14679?
63
Calculate the greatest common factor of 2814415 and 268799.
389
What is the greatest common divisor of 1316 and 20574344?
1316
Calculate the highest common divisor of 2046 and 348378.
186
Calculate the greatest common factor of 294 and 17311259.
49
Calculate the greatest common factor of 111 and 213971.
37
What is the highest common divisor of 21202445 and 11?
11
Calculate the highest common factor of 4438 and 28930054.
634
Calculate the greatest common factor of 25 and 38527325.
25
Calculate the greatest common divisor of 19290705 and 369.
123
What is the greatest common factor of 2681 and 1280369?
383
What is the highest common factor of 113208 and 194192?
424
What is the highest common divisor of 2676 and 12100203?
669
What is the greatest common divisor of 63983844 and 972?
972
What is the greatest common factor of 14628 and 2722716?
636
Calculate the highest common divisor of 50442252 and 9744.
2436
Calculate the greatest common divisor of 384665302 and 28.
14
What is the highest common factor of 55250 and 31355480?
2210
What is the highest common factor of 891 and 1916013?
33
Calculate the greatest common divisor of 41699340 and 42253.
1457
Calculate the greatest common factor of 1020 and 892940.
20
Calculate the highest common divisor of 1233134885 and 5.
5
Calculate the greatest common factor of 4088607922 and 98.
98
What is the highest common factor of 12882 and 1510272?
114
What is the highest common factor of 32767 and 105247?
151
Calculate the greatest common factor of 11078674 and 2988.
166
Calculate the highest common divisor of 82432 and 1760052.
644
Calculate the greatest common divisor of 334253 and 691428.
157
What is the highest common divisor of 12485781 and 1546237?
3311
Calculate the highest common divisor of 15157 and 4749264066.
15157
What is the highest common divisor of 3785640 and 8400?
120
What is the highest common factor of 2249328 and 84?
12
Calculate the highest common factor of 1481802 and 4872.
42
What is the highest common divisor of 5476 and 9056564?
148
What is the greatest common divisor of 487040664 and 11?
11
Calculate the greatest common factor of 16 and 1247397952.
16
Calculate the highest common divisor of 257 and 1322779.
257
What is the greatest common factor of 58 and 